umber?
False
Is (-11 - -9)/(4/(-5794)) composite?
False
Let n = 10861 + -4392. Is n prime?
True
Is ((-2055)/9*-3)/1 a composite number?
True
Let h = -43 - -45. Suppose 2*b + h*b = m + 935, -4*b + 945 = m. Is b a prime number?
False
Is -8 - (-19275)/(6 - 1) a prime number?
True
Let r(a) = -113*a**3 - 8*a**2 + 26*a + 20. Suppose 2*b - 2 = 10. Let l(o) = 38*o**3 + 3*o**2 - 9*o - 7. Let g(d) = b*r(d) + 17*l(d). Is g(-1) composite?
True
Let v = -30 - -33. Suppose 481 = v*k - 2*k. Is k a composite number?
True
Let w(q) = -10*q - 2. Let m(a) = 41*a + 9. Let v(c) = 2*m(c) + 9*w(c). Let t be v(-7). Is (-1)/7 - (-736)/t a prime number?
True
Suppose -643 = -4*k - 2127. Let m = k - -928. Is m prime?
True
Suppose 7*n - 54 = 4*n. Let r(i) = 5*i - 12*i - 6 + 2*i**2 + n. Is r(-9) prime?
False
Suppose 8*m = 27274 + 10630. Is 8/(-36) - m/(-18) composite?
False
Suppose 4*z = 164 - 160, 0 = 4*u + z - 11333. Is u a composite number?
False
Let b = -129 - -127. Is 355 + 4*1/b prime?
True
Let h(l) be the second derivative of l**6/15 + l**5/24 + l**4/12 - 5*l. Let o(a) be the third derivative of h(a). Is o(6) composite?
False
Let g = 13 + -8. Let k(c) = 31*c + 8. Is k(g) a prime number?
True
Suppose -3*k + 18 = -0*k. Suppose -2*j = -k, d + 12 = 4*j + 2. Suppose d*x = -2*x + 316. Is x a composite number?
False
Let s(j) = 11*j**3 - 12*j**2 - 13*j - 8. Is s(7) composite?
True
Suppose 3*v - 3*o - 139143 = -0*o, 0 = 4*v + 2*o - 185536. Is v composite?
True
Let p(o) be the first derivative of 2*o**3 - 9*o**2/2 + 2*o + 20. Is p(9) a composite number?
True
Let k = -1319 + 3148. Is k composite?
True
Let i(t) = -509*t - 89. Is i(-6) composite?
True
Suppose -f - 331 = z, -3*z - 1192 = -f - 219. Let n = 640 + z. Is n prime?
False
Let r(g) = -259*g + 3 - 7 + 9. Is r(-4) a prime number?
False
Let k be (48/72)/((-3)/((-18)/(-4))). Is (-1514)/1*k*4/8 composite?
False
Suppose -4*q + 0 = 44. Let s = q - -13. Suppose 4*g - 6*g = -5*v + 115, 0 = -v + s*g + 23. Is v prime?
True
Suppose 5*u + 3 = 13. Suppose 0 = -u*a - 3*k + 797, -a + 71 + 310 = -2*k. Is a a composite number?
True
Let m = -13634 + 22095. Is m a composite number?
False
Is ((-336345)/34 + -4)*(0 + -2) a composite number?
False
Suppose 219*y + 113690 = 229*y. Is y prime?
True
Let a = -17387 + 32934. Is a prime?
False
Let v(b) = 3*b + 3. Let s be v(3). Suppose -3*h - p = -0*p + 3, -4*h - 4*p = s. Suppose -3*d + 2*w = -1091, -d - d + 2*w + 724 = h. Is d a composite number?
False
Let z be (-1 + 1)/(-3) - 2 - -1135. Suppose -5*j = -z - 302. Is j a composite number?
True
Let b be ((-3587)/(-2))/(3/6). Suppose -1 = f, 3*f + b = 3*k + f. Is k prime?
False
Is (-68933)/145*35/(-1) prime?
False
Suppose -5*h = -167 + 2. Let n = h + -28. Suppose n*q - 1751 = -3*i, -3*i + 5*q + 955 = -816. Is i a prime number?
True
Let x be (-54)/(-18) + 18/(-2). Is 166 + 2*9/x prime?
True
Let z = 191 + -60. Is z prime?
True
Suppose 15 = -5*d - 115. Let r = d - -49. Let t = -8 + r. Is t a composite number?
True
Let r = 12 - 16. Is r*((-9 - -5) + 469/(-4)) prime?
False
Let p = 0 + -15. Let f be 26/10 - (-9)/p. Suppose i = f*l - 110, l + i + 55 = 2*l. Is l prime?
False
Let k = -1908 + 2732. Is k/7 - (-20)/70 prime?
False
Let n be (12/10)/((-2)/10). Is -4*1/n + 8980/12 prime?
False
Let f be -56 - 1/(-1)*1. Let y be 4/(-10) + 7953/f. Let j = y + 322. Is j composite?
True
Let x = 1 - -9. Suppose x*r = 5*r + 470. Is r a composite number?
True
Let z(x) be the second derivative of x**7/2520 - x**6/180 + x**5/120 + 5*x**4/12 + 2*x. Let i(h) be the third derivative of z(h). Is i(5) prime?
False
Is (-228519)/(-6)*-1*16/(-24) prime?
True
Let h = 36 - 63. Let n = h + 123. Suppose 3*a - n - 375 = 0. Is a prime?
True
Let r(h) = 0 + 13*h**2 + 2 - 2*h - h**2 - 9*h**2. Let k be (-3)/12 + (-13)/(-4). Is r(k) composite?
False
Let o = 14 + -10. Suppose -2*f + 9 + 13 = 5*l, -l + 26 = o*f. Suppose -x - f*z + 209 = -z, 3*x - 2*z = 593. Is x a prime number?
True
Let z = 20016 - 9715. Is z a prime number?
True
Let w be (-94)/(-18) - (-9)/((-81)/2). Suppose 0*z + 3762 = 3*z - 3*u, 4*z - w*u = 5011. Is z a composite number?
False
Suppose -5*l - d - 52 = 0, 2*l + 3*l + 67 = 4*d. Let z = l - -1. Is 372/z*55/(-22) a prime number?
False
Let y = -29 - -29. Suppose 3*z + 2*w = 3897, -4*w + y = -12. Is z composite?
False
Suppose -329*w + 334*w - 4*u - 91499 = 0, -3*u = -3*w + 54900. Is w a prime number?
False
Let k(v) = -v**3 + 5*v**2 + 2*v - 6. Let p = 0 - -5. Let l be k(p). Is (-5368)/(-16) + (-2)/l composite?
True
Suppose -406 - 131 = -5*u + d, -u + 117 = -5*d. Let h = -40 + u. Is h prime?
True
Let u be (-106626)/65*(1 - 26/6). Suppose -4*a + 4*y + u = 0, 5*a - 5105 = -y + 1706. Is a prime?
False
Suppose 8 = 10*s - 6*s. Is (0 + -613)*((-8)/4)/s a composite number?
False
Suppose 0 = 3*q - 5120 - 4507. Is q prime?
True
Let k = 113 - 97. Let h(b) = 6*b**2 - 12*b - 7. Is h(k) prime?
False
Let f be 447/(-6)*(-7 + 3). Let u = 3 - 0. Suppose 2*x - f = u*r - r, -5*x - 4*r + 745 = 0. Is x a prime number?
True
Let k(b) = 14*b**2 + 8*b + 5. Let o(t) = 15*t**2 + 9*t + 5. Let u(d) = 4*k(d) - 3*o(d). Is u(8) a prime number?
False
Suppose 17*g - 24*g = -24437. Is g composite?
False
Let v(r) = -r**2 + r + 4. Let d be v(0). Suppose 4*t + d*y + 87 - 267 = 0, -3*y = 4*t - 181. Is t composite?
True
Let w be 8 + -5 + 2 - 1. Suppose -2*t - 108 = -t + 4*z, -w*z = 4. Let a = 19 - t. Is a a composite number?
True
Suppose 0 = -x + 3, u = -2*x - 2 + 12. Suppose -5*f - 26 = -2*n, -u*n + 3 + 13 = -f. Suppose -n*k = -6*k + 1011. Is k composite?
False
Let z(h) = 2*h**2 - 15*h - 25. Let u be 760/56 - (-4)/(-7). Is z(u) a prime number?
False
Let g(m) = -3*m**3 - 3*m**2 + 3*m - 3. Let k be g(-4). Let y = k + 85. Let h = -135 + y. Is h prime?
True
Suppose 3*j + 3 = -0, 4*j + 4 = 5*r. Suppose 6*c + 343 + 77 = r. Let n = c + 164. Is n a composite number?
True
Let h be 8/(-108)*402 - (-4)/(-18). Let k = 125 + h. Is k composite?
True
Let u(y) = 13*y + 6. Let o(l) = -l + 1. Let q(h) = -4*o(h) + u(h). Is q(3) a composite number?
False
Let v(z) = 4*z - 8. Let w be 46/6 - (-3)/9. Let t be v(w). Is (-5)/5 - t/(-1) prime?
True
Suppose 5 - 13 = 2*m. Let s(r) = 7*r**2 - 3*r - 15. Is s(m) composite?
False
Let f be -10 + 16 + (-1 - -3). Suppose -5*k = -f*k + 5613. Is k composite?
False
Suppose 3*k = -v - 0*v + 6947, -4*k - 34697 = -5*v. Is v composite?
True
Let i be 202473/12 + 3/(-4). Is (i/36)/(2/3) a composite number?
True
Let x = 17 - 31. Let r = x + 705. Is r composite?
False
Let d(o) be the second derivative of o**4/6 + o**3/2 + 3*o**2/2 - 9*o. Let j be d(-3). Is (-14163)/(-18) - (-2)/j a prime number?
True
Let p be 1/((-3)/9) - -3. Suppose 5*m = -2*y + 2 + 12, 2*m + 4*y + 4 = p. Suppose 261 = 3*a + 3*j, -m*a + 350 = 2*j + j. Is a a composite number?
False
Suppose 46*b = 56*b - 207820. Is b composite?
True
Let o(p) = 2*p + 31. Let n be o(-14). Suppose -n*r + 39211 = 2*r - 3*k, k = -r + 7839. Is r composite?
False
Is 1/(2/(18483 - 5)) a composite number?
False
Let j(q) = -2*q + 3. Let y be j(0). Suppose y*v - 282 = -3*x, 443 = 5*v + 3*x - 7*x. Is v prime?
False
Suppose -493 = 5*c + 222. Let m = 17 + 133. Let z = m - c. Is z prime?
True
Suppose 8*l + 0*l - 80 = 0. Is 8/l - 2105/(-25) a composite number?
True
Suppose -n = 3*c - 2 + 11, -n = 5*c + 15. Let i(q) = 5*q**2 - 1. Let z be i(-1). Suppose z*j - 480 - 4 = n. Is j a composite number?
True
Suppose 5*a + 385 = -d, 0*a = 5*d - a + 1977. Let z = 662 + d. Is z a prime number?
False
Let z be 2/9 - (-184)/(-18). Let l(c) = -2*c - 12. Let q be l(z). Suppose -2*h + 761 = 3*i, -3*h = -h - q. Is i prime?
True
Let n(s) = 33*s + 1080*s**2 + 3 - 12 - 1063*s**2. Is n(8) composite?
True
Suppose 0 = -23*v - 0*v + 3611. Is v composite?
False
Suppose -6*n + 3*n + 66482 = w, 0 = 5*n - 4*w - 110809. Let u = -15040 + n. Is u prime?
True
Let x be 8/12 - 39/(-9). Is (-10 - 5)*(-31)/x prime?
False
Is ((-5)/2)/5*-6502 composite?
False
Is 5700/1 + (10 - 7) composite?
True
Let v = 646 - -48. Is v prime?
False
Suppose -4*p + 26404 = 2*f, 3*p + f - 15848 = 3953. Is p a prime number?
True
Suppose -4*r = -7*r + 171. Suppose -2*q + 725 = -r. Is q prime?
False
Suppose -3*r = -3*x - 15, -5*x - 18 = 3*r + 47. Let y(j) = -j**3 - 9*j**2 - 12*j - 9. Is y(x) a prime number?
True
Let q(a) = -a**2 - 9*a + 4. Sup